{"id":12,"date":"2008-03-02T22:53:32","date_gmt":"2008-03-02T21:53:32","guid":{"rendered":"http:\/\/localhost\/sagahof\/?page_id=12"},"modified":"2019-09-22T02:04:41","modified_gmt":"2019-09-22T01:04:41","slug":"team","status":"publish","type":"page","link":"http:\/\/www.sagahof.ch\/?page_id=12","title":{"rendered":"Team"},"content":{"rendered":"<h3 align=\"justify\"><\/h3>\n<h3 style=\"text-align: left;\" align=\"justify\"><strong>Vivian<\/strong><a href=\"http:\/\/www.sagahof.ch\/wp-content\/uploads\/2008\/03\/Viviane.jpg\"><img loading=\"lazy\" decoding=\"async\" class=\" wp-image-1126 alignleft\" src=\"http:\/\/www.sagahof.ch\/wp-content\/uploads\/2008\/03\/Viviane-225x300.jpg\" alt=\"Viviane\" width=\"220\" height=\"294\" srcset=\"http:\/\/www.sagahof.ch\/wp-content\/uploads\/2008\/03\/Viviane-225x300.jpg 225w, http:\/\/www.sagahof.ch\/wp-content\/uploads\/2008\/03\/Viviane-767x1024.jpg 767w, http:\/\/www.sagahof.ch\/wp-content\/uploads\/2008\/03\/Viviane.jpg 965w\" sizes=\"auto, (max-width: 220px) 100vw, 220px\" \/><\/a><strong>e Wolf<\/strong><\/h3>\n<p style=\"text-align: left;\" align=\"justify\">Ich reite seit meinem 13. Lebensjahr. Mit 17 Jahren \u00fcbernahm ich mein Pflegepferd Babette, welches mich durch meine Jugend begleitete. Im Jahr 2001 kaufte ich mein erstes Islandpferd Saga. Meine Leidenschaft f\u00fcr die Islandpferde und f\u00fcr den Reitsport wuchs. Mit Saga absolvierte ich das Brevet I und\u00a0Brevet II. Von 2005-2007 war ich w\u00f6chentlich auf dem Islandpferdehof Niederfeld in Hombrechtikon, um mich auf die Trainerpr\u00fcfung vorzubereiten. Seit dem 1. April 2008 sind wir auf dem Sagahof in Obfelden zu Hause. Regelm\u00e4ssig besuche ich mit meiner 5-Gang Stute R\u00f6kkvadis Reitstunden und Reitkurse.<\/p>\n<p align=\"justify\"><em>Reiterliche Aus- und Weiterbildungen<\/em><br \/>\n2003\u00a0\u00a0\u00a0 SVPS Brevet Gangpferde<br \/>\n2005\u00a0\u00a0\u00a0 IPV CH Brevet II<br \/>\n2007\u00a0\u00a0\u00a0 IPV CH Trainer C<br \/>\n2017 \u00a0\u00a0 zertifizierte Pferdeverhaltenstherapeutin AzB<\/p>\n<h3>____________________________________________________________________<\/h3>\n<p>&nbsp;<\/p>\n<h3 align=\"justify\"><a href=\"http:\/\/www.sagahof.ch\/wp-content\/uploads\/2008\/03\/Silja12.jpg\"><img loading=\"lazy\" decoding=\"async\" class=\"wp-image-1128 alignleft\" src=\"http:\/\/www.sagahof.ch\/wp-content\/uploads\/2008\/03\/Silja12-268x300.jpg\" alt=\"Silja1\" width=\"220\" height=\"247\" srcset=\"http:\/\/www.sagahof.ch\/wp-content\/uploads\/2008\/03\/Silja12-268x300.jpg 268w, http:\/\/www.sagahof.ch\/wp-content\/uploads\/2008\/03\/Silja12-913x1024.jpg 913w\" sizes=\"auto, (max-width: 220px) 100vw, 220px\" \/><\/a><strong>Silja Stalder<\/strong><\/h3>\n<p align=\"justify\">Mit 10 Jahren entdeckte ich die Welt der Islandpferde und bis heute liess mich ihre Faszination nicht mehr los. Es folgten viele Reitstunden, lehrreiche Kurse und viele sch\u00f6ne Momente mit Pflegepferden. Im Jahr 2013 hat sich dann endlich mein Traum vom eigenen Isi erf\u00fcllt. Heute t\u00f6lte ich zusammen mit Augusta durch die W\u00e4lder. Seit Herbst 2013 gebe ich auf dem Sagahof Kinderreitstunden und Longenunterricht am Mittwoch, Donnerstag und Samstag. Es macht mir grossen Spass meine Leidenschaft an die kleinen Reiter weiterzugeben.<\/p>\n<p><em>Reiterliche Aus- und Weiterbildungen<\/em><br \/>\n2014\u00a0\u00a0 SVPS Brevet Gangpferde<br \/>\n2017 \u00a0 zertifizierte Reitp\u00e4dagogin nach Team Pony Concept<\/p>\n<h3>____________________________________________________________________<\/h3>\n<p>&nbsp;<\/p>\n<h3><a href=\"http:\/\/www.sagahof.ch\/wp-content\/uploads\/2008\/03\/nina-1.jpg\"><img loading=\"lazy\" decoding=\"async\" class=\" wp-image-1145 alignleft\" src=\"http:\/\/www.sagahof.ch\/wp-content\/uploads\/2008\/03\/nina-1-239x300.jpg\" alt=\"\" width=\"220\" height=\"277\" srcset=\"http:\/\/www.sagahof.ch\/wp-content\/uploads\/2008\/03\/nina-1-239x300.jpg 239w, http:\/\/www.sagahof.ch\/wp-content\/uploads\/2008\/03\/nina-1-768x963.jpg 768w, http:\/\/www.sagahof.ch\/wp-content\/uploads\/2008\/03\/nina-1-817x1024.jpg 817w\" sizes=\"auto, (max-width: 220px) 100vw, 220px\" \/><\/a><strong>Nina Frick<\/strong><\/h3>\n<p>Als 2008 der Sagahof nach Obfelden gezogen ist, direkt neben mein Zuhause, wurde mein Interesse zu den Islandpferden geweckt. Angefangen hat es mit aushelfen bei Stalldiensten, dann nahm ich an Ferienkursen teil und nahm auch regelm\u00e4ssig Reitstunden. Heute helfe ich selber an Ferienkursen und kann den Kindern beibringen was ich in den letzten Jahren gelernt habe. Ich habe noch kein eigenes Pferd, habe aber das Gl\u00fcck eine Reitbeteiligung auf Apall zu haben. Auch wenn er nicht immer ganz einfach ist, arbeite ich unheimlich gerne mit ihm und es wird nie langweilig. Apall und ich arbeiten auch sehr gerne mit dem Clicker. Wir machen gerne Freiheitsdressur zusammen oder reiten mit Halsring, also er ist ein richtiges Zirkuspony.<\/p>\n<p><em>Reiterliche Aus- und Weiterbildungen<\/em><br \/>\n2012 \u00a0 SVPS Brevet Gangpferde<\/p>\n<h3>____________________________________________________________________<\/h3>\n<p>&nbsp;<\/p>\n<h3><a href=\"http:\/\/www.sagahof.ch\/wp-content\/uploads\/2008\/03\/20160917140936DSC_0022-1.jpg\"><img loading=\"lazy\" decoding=\"async\" class=\" wp-image-1146 alignleft\" src=\"http:\/\/www.sagahof.ch\/wp-content\/uploads\/2008\/03\/20160917140936DSC_0022-1-217x300.jpg\" alt=\"\" width=\"220\" height=\"304\" srcset=\"http:\/\/www.sagahof.ch\/wp-content\/uploads\/2008\/03\/20160917140936DSC_0022-1-217x300.jpg 217w, http:\/\/www.sagahof.ch\/wp-content\/uploads\/2008\/03\/20160917140936DSC_0022-1.jpg 579w\" sizes=\"auto, (max-width: 220px) 100vw, 220px\" \/><\/a><strong>Janine Dietsche<\/strong><\/h3>\n<p>Schon als kleines M\u00e4dchen war ich von Pferden und Ponys fasziniert. Mit 9 Jahren durfte ich dann Reitstunden nehmen auf den Islandpferden vom Sagahof. 4 Jahre sp\u00e4ter hatte ich meine erste Reitbeteiligung, seit diesem Zeitpunkt bin ich an mindestens zwei Tagen im Stall und geniesse es bei den Pferden zu sein und mit ihnen zu arbeiten. Mein Wissen gebe ich bei Kinderreitstunden oder Ferienkursen gerne an die kleinen Reiter weiter.<\/p>\n<p><em>Reiterliche Aus- und Weiterbildungen<\/em><br \/>\n2014 \u00a0 SVPS Brevet Gangpferde<\/p>\n","protected":false},"excerpt":{"rendered":"<p>Viviane Wolf Ich reite seit meinem 13. Lebensjahr. Mit 17 Jahren \u00fcbernahm ich mein Pflegepferd Babette, welches mich durch meine Jugend begleitete. Im Jahr 2001 kaufte ich mein erstes Islandpferd Saga. Meine Leidenschaft f\u00fcr die Islandpferde und f\u00fcr den Reitsport wuchs. Mit Saga absolvierte ich das Brevet I und\u00a0Brevet II. Von 2005-2007 war ich w\u00f6chentlich [&hellip;]<\/p>\n","protected":false},"author":1,"featured_media":0,"parent":0,"menu_order":0,"comment_status":"open","ping_status":"open","template":"","meta":{"footnotes":""},"class_list":["post-12","page","type-page","status-publish","hentry"],"_links":{"self":[{"href":"http:\/\/www.sagahof.ch\/index.php?rest_route=\/wp\/v2\/pages\/12","targetHints":{"allow":["GET"]}}],"collection":[{"href":"http:\/\/www.sagahof.ch\/index.php?rest_route=\/wp\/v2\/pages"}],"about":[{"href":"http:\/\/www.sagahof.ch\/index.php?rest_route=\/wp\/v2\/types\/page"}],"author":[{"embeddable":true,"href":"http:\/\/www.sagahof.ch\/index.php?rest_route=\/wp\/v2\/users\/1"}],"replies":[{"embeddable":true,"href":"http:\/\/www.sagahof.ch\/index.php?rest_route=%2Fwp%2Fv2%2Fcomments&post=12"}],"version-history":[{"count":56,"href":"http:\/\/www.sagahof.ch\/index.php?rest_route=\/wp\/v2\/pages\/12\/revisions"}],"predecessor-version":[{"id":1518,"href":"http:\/\/www.sagahof.ch\/index.php?rest_route=\/wp\/v2\/pages\/12\/revisions\/1518"}],"wp:attachment":[{"href":"http:\/\/www.sagahof.ch\/index.php?rest_route=%2Fwp%2Fv2%2Fmedia&parent=12"}],"curies":[{"name":"wp","href":"https:\/\/api.w.org\/{rel}","templated":true}]}}

<h3 align="justify"></h3>
<h3 style="text-align: left;" align="justify"><strong>Vivian</strong><a href="http://www.sagahof.ch/wp-content/uploads/2008/03/Viviane.jpg"><img loading="lazy" decoding="async" class=" wp-image-1126 alignleft" src="http://www.sagahof.ch/wp-content/uploads/2008/03/Viviane-225x300.jpg" alt="Viviane" width="220" height="294" srcset="http://www.sagahof.ch/wp-content/uploads/2008/03/Viviane-225x300.jpg 225w, http://www.sagahof.ch/wp-content/uploads/2008/03/Viviane-767x1024.jpg 767w, http://www.sagahof.ch/wp-content/uploads/2008/03/Viviane.jpg 965w" sizes="auto, (max-width: 220px) 100vw, 220px" /></a><strong>e Wolf</strong></h3>
<p style="text-align: left;" align="justify">Ich reite seit meinem 13. Lebensjahr. Mit 17 Jahren übernahm ich mein Pflegepferd Babette, welches mich durch meine Jugend begleitete. Im Jahr 2001 kaufte ich mein erstes Islandpferd Saga. Meine Leidenschaft für die Islandpferde und für den Reitsport wuchs. Mit Saga absolvierte ich das Brevet I und Brevet II. Von 2005-2007 war ich wöchentlich auf dem Islandpferdehof Niederfeld in Hombrechtikon, um mich auf die Trainerprüfung vorzubereiten. Seit dem 1. April 2008 sind wir auf dem Sagahof in Obfelden zu Hause. Regelmässig besuche ich mit meiner 5-Gang Stute Rökkvadis Reitstunden und Reitkurse.</p>
<p align="justify"><em>Reiterliche Aus- und Weiterbildungen</em><br />
2003    SVPS Brevet Gangpferde<br />
2005    IPV CH Brevet II<br />
2007    IPV CH Trainer C<br />
2017    zertifizierte Pferdeverhaltenstherapeutin AzB</p>
<h3>____________________________________________________________________</h3>
<p>&nbsp;</p>
<h3 align="justify"><a href="http://www.sagahof.ch/wp-content/uploads/2008/03/Silja12.jpg"><img loading="lazy" decoding="async" class="wp-image-1128 alignleft" src="http://www.sagahof.ch/wp-content/uploads/2008/03/Silja12-268x300.jpg" alt="Silja1" width="220" height="247" srcset="http://www.sagahof.ch/wp-content/uploads/2008/03/Silja12-268x300.jpg 268w, http://www.sagahof.ch/wp-content/uploads/2008/03/Silja12-913x1024.jpg 913w" sizes="auto, (max-width: 220px) 100vw, 220px" /></a><strong>Silja Stalder</strong></h3>
<p align="justify">Mit 10 Jahren entdeckte ich die Welt der Islandpferde und bis heute liess mich ihre Faszination nicht mehr los. Es folgten viele Reitstunden, lehrreiche Kurse und viele schöne Momente mit Pflegepferden. Im Jahr 2013 hat sich dann endlich mein Traum vom eigenen Isi erfüllt. Heute tölte ich zusammen mit Augusta durch die Wälder. Seit Herbst 2013 gebe ich auf dem Sagahof Kinderreitstunden und Longenunterricht am Mittwoch, Donnerstag und Samstag. Es macht mir grossen Spass meine Leidenschaft an die kleinen Reiter weiterzugeben.</p>
<p><em>Reiterliche Aus- und Weiterbildungen</em><br />
2014   SVPS Brevet Gangpferde<br />
2017   zertifizierte Reitpädagogin nach Team Pony Concept</p>
<h3>____________________________________________________________________</h3>
<p>&nbsp;</p>
<h3><a href="http://www.sagahof.ch/wp-content/uploads/2008/03/nina-1.jpg"><img loading="lazy" decoding="async" class=" wp-image-1145 alignleft" src="http://www.sagahof.ch/wp-content/uploads/2008/03/nina-1-239x300.jpg" alt="" width="220" height="277" srcset="http://www.sagahof.ch/wp-content/uploads/2008/03/nina-1-239x300.jpg 239w, http://www.sagahof.ch/wp-content/uploads/2008/03/nina-1-768x963.jpg 768w, http://www.sagahof.ch/wp-content/uploads/2008/03/nina-1-817x1024.jpg 817w" sizes="auto, (max-width: 220px) 100vw, 220px" /></a><strong>Nina Frick</strong></h3>
<p>Als 2008 der Sagahof nach Obfelden gezogen ist, direkt neben mein Zuhause, wurde mein Interesse zu den Islandpferden geweckt. Angefangen hat es mit aushelfen bei Stalldiensten, dann nahm ich an Ferienkursen teil und nahm auch regelmässig Reitstunden. Heute helfe ich selber an Ferienkursen und kann den Kindern beibringen was ich in den letzten Jahren gelernt habe. Ich habe noch kein eigenes Pferd, habe aber das Glück eine Reitbeteiligung auf Apall zu haben. Auch wenn er nicht immer ganz einfach ist, arbeite ich unheimlich gerne mit ihm und es wird nie langweilig. Apall und ich arbeiten auch sehr gerne mit dem Clicker. Wir machen gerne Freiheitsdressur zusammen oder reiten mit Halsring, also er ist ein richtiges Zirkuspony.</p>
<p><em>Reiterliche Aus- und Weiterbildungen</em><br />
2012   SVPS Brevet Gangpferde</p>
<h3>____________________________________________________________________</h3>
<p>&nbsp;</p>
<h3><a href="http://www.sagahof.ch/wp-content/uploads/2008/03/20160917140936DSC_0022-1.jpg"><img loading="lazy" decoding="async" class=" wp-image-1146 alignleft" src="http://www.sagahof.ch/wp-content/uploads/2008/03/20160917140936DSC_0022-1-217x300.jpg" alt="" width="220" height="304" srcset="http://www.sagahof.ch/wp-content/uploads/2008/03/20160917140936DSC_0022-1-217x300.jpg 217w, http://www.sagahof.ch/wp-content/uploads/2008/03/20160917140936DSC_0022-1.jpg 579w" sizes="auto, (max-width: 220px) 100vw, 220px" /></a><strong>Janine Dietsche</strong></h3>
<p>Schon als kleines Mädchen war ich von Pferden und Ponys fasziniert. Mit 9 Jahren durfte ich dann Reitstunden nehmen auf den Islandpferden vom Sagahof. 4 Jahre später hatte ich meine erste Reitbeteiligung, seit diesem Zeitpunkt bin ich an mindestens zwei Tagen im Stall und geniesse es bei den Pferden zu sein und mit ihnen zu arbeiten. Mein Wissen gebe ich bei Kinderreitstunden oder Ferienkursen gerne an die kleinen Reiter weiter.</p>
<p><em>Reiterliche Aus- und Weiterbildungen</em><br />
2014   SVPS Brevet Gangpferde</p>

<p>Viviane Wolf Ich reite seit meinem 13. Lebensjahr. Mit 17 Jahren übernahm ich mein Pflegepferd Babette, welches mich durch meine Jugend begleitete. Im Jahr 2001 kaufte ich mein erstes Islandpferd Saga. Meine Leidenschaft für die Islandpferde und für den Reitsport wuchs. Mit Saga absolvierte ich das Brevet I und Brevet II. Von 2005-2007 war ich wöchentlich [&hellip;]</p>
